uppose 4*v - 334 + f = -3*z, -z = v - 83. Calculate the highest common divisor of 10 and v.
10
Let s be (5/(-2))/(-1 - 12/(-16)). What is the greatest common factor of 710 and s?
10
Suppose -7*g - 104 - 64 = 0. Let m be 30/8*(-64)/g. Let p = 18 - m. What is the highest common divisor of p and 4?
4
Suppose 13*w + 6731 = 66*w. What is the greatest common divisor of 1 and w?
1
Let b = 42 + -22. Suppose -1164 + 1314 = 5*c. Calculate the greatest common factor of b and c.
10
Suppose -2*c + 69 = -63. Let r(v) = 56*v + 771. Let z be r(-12). What is the greatest common factor of c and z?
33
Let o(r) = 219*r - 1. Let s be o(1). Let t = s - 320. Let k = 193 + t. Calculate the highest common factor of k and 13.
13
Let a = -16 - -64. Calculate the highest common divisor of 6 and a.
6
Let l(n) = n**2 - 14*n - 18. Let v be l(-3). Calculate the greatest common factor of 363 and v.
33
Suppose 6 = -0*f + f. Let y be (-372)/(-868) + 111/(-21)*-9. Calculate the highest common divisor of f and y.
6
Let j(l) = -l + 9. Let k = -6 + 9. Suppose -4 = k*x - 4*x. Let z be j(x). Calculate the greatest common divisor of 15 and z.
5
Let r = -3 + 6. Suppose 4*b - r = -2*c + 5, 0 = 3*c + 2*b - 4. Suppose c*i + 432 = 3*i. What is the greatest common divisor of i and 18?
18
Suppose 3*f = 7*f - 3*b - 14, 3*f + 2*b - 19 = 0. Let j be (-50)/4*4/f. Let y = 22 + j. Calculate the highest common divisor of y and 108.
12
Let a(d) = 14*d + 19. Let w be a(0). What is the greatest common divisor of 19 and w?
19
Suppose 13*v + 206 = 1090. Calculate the greatest common divisor of v and 1904.
68
Suppose 13 - 4 = 3*n. Let z be (-12)/(1/(-1 + n + -3)). What is the greatest common divisor of 12 and z?
12
Let r(m) = m**3 - 27*m**2 + 29*m - 60. Let i be r(26). Calculate the highest common factor of i and 297.
9
Suppose -43 + 11 = -4*t. Suppose 0*n - t*n + 456 = 0. Calculate the greatest common factor of 19 and n.
19
Let a = 471 - 279. Calculate the highest common factor of 80 and a.
16
Let m(i) = -2*i**2 - 4*i. Let a be m(-3). Let f be (132/a)/(4/(-80)). What is the highest common factor of f and 40?
40
Let i = 53 + -2. What is the greatest common factor of i and 408?
51
Suppose -2*u - 3*n = -4*u + 6, 0 = -3*n + 6. Suppose -u*t = -11*t + 1440. What is the highest common factor of t and 18?
18
Let b(s) = s**3 - 3*s**2. Let m be b(3). Suppose m = 4*t + 39 + 5. Let a = t + 14. Calculate the greatest common factor of a and 15.
3
Suppose 12*u - 15*u + 42 = -4*q, -3*q - 59 = -5*u. Let k(r) = 2*r**2 - r - 1. Let v be k(-3). What is the highest common divisor of u and v?
10
Suppose -367*m + 86 = -365*m. What is the highest common divisor of 301 and m?
43
Let w = 84 - 79. Let q be (126/15 - 8)*(w - 0). Calculate the greatest common divisor of 8 and q.
2
Let p = 2 + -12. Let o be (24/p)/((-9)/30). Suppose 2*j = -5*m - 23, -7 - 16 = -3*j + 4*m. Calculate the greatest common factor of j and o.
1
Suppose -2*v - 4*z = 5 + 9, -2*z + 8 = -4*v. Let f be (3 - (2 - 3)) + (-12)/v. Calculate the greatest common factor of 16 and f.
8
Suppose -2*d = 3*a - 279, -3*a - 11*d + 12*d + 279 = 0. What is the greatest common divisor of 31 and a?
31
Suppose -4*a - 10 = -2*u, 19*u - a = 20*u - 5. Calculate the greatest common factor of 145 and u.
5
Let z be (-8)/(-12) + (-15)/9. Let m = z + 42. Let t = -25 + m. Calculate the greatest common factor of t and 128.
16
Let u(x) = -x**3 - 9*x**2 - 49*x + 1. Let r be u(-6). Let z = 21 + -4. Calculate the greatest common divisor of z and r.
17
Suppose -3*z - 163 = -5*t + 68, -3*z + 9 = 0. What is the highest common factor of t and 752?
16
Let m = -26 + 48. Let o = 27 - 65. Let q = o - -60. Calculate the highest common factor of m and q.
22
Suppose -1 + 10 = -9*l. Let f be (87/(-12))/l + (-21)/(-28). Calculate the highest common divisor of f and 2.
2
Suppose 0 = -3*w + 5 - 8. Let v be 292/24 - w/(-6). Suppose 2*i = -3*d + 21 + 39, 0 = -2*d - 5*i + 51. Calculate the greatest common divisor of d and v.
6
Let l = 39 - -101. Suppose -28 = -4*f - l. Let s be (-51)/(-12) + (-21)/f. What is the greatest common factor of s and 1?
1
Suppose 4*t - 320 = 5*m, -4*m = -t + 2*t - 80. Let h = -1729 + 1749. What is the greatest common divisor of t and h?
20
Suppose -2*o = -f - 3 - 11, -2*o - 2*f = -14. Suppose -60*q - 38 = -58*q. Let v = q + 26. Calculate the highest common factor of o and v.
7
Suppose 0 = -l + 3 + 18. Let a = l - 16. Suppose -2*j + 3*j = -b + 31, 5*j = a. Calculate the greatest common divisor of b and 10.
10
Let j(t) = -15*t**3 + 2*t**2 - 3. Let n be j(-3). Suppose -n = -4*y - 164. Calculate the greatest common factor of y and 16.
16
Let b(f) = -f + 11. Let w be b(6). Let i(x) = -4*x - 4. Let q be i(-13). Suppose 7 = w*h - q. Calculate the highest common factor of h and 11.
11
Let m(k) = 10*k**2 - 26*k - 110. Let h be m(-4). Suppose 5*t - 42 = 2*t. Calculate the highest common divisor of t and h.
14
Let y(s) = -24*s + 16. Let o be y(-14). Calculate the highest common factor of 11 and o.
11
Let b(u) be the second derivative of -u**3/6 + 15*u**2/2 + 22*u. Let a be b(12). What is the highest common divisor of a and 4?
1
Let d be 8/28 + (-5)/(70/4). Let j(a) = -a**2 - 3*a + 7. Let l be j(d). What is the greatest common factor of 63 and l?
7
Let a(p) = -2*p**2 - 15*p - 11. Let k be a(-6). Let m be (-1 - 0)*(-7 + k). Let j be -2 + (0 - -177) - m. What is the greatest common divisor of j and 35?
35
Let i(m) = -m**3 + 2*m**2 + 2*m + 1. Let v be 21/(-15) + 6/15. Let o be i(v). Suppose -o*a + 79 = -17. Calculate the highest common factor of a and 16.
16
Let s(j) = -36*j**3 - 4*j**2 + 12*j + 32. Let w be s(-2). What is the greatest common divisor of 200 and w?
40
Suppose -4*q = -2*v - 2 - 2, -3*v + 22 = q. Suppose -v*j = -3*j - 792. What is the highest common factor of 24 and j?
24
Let i = 190 - 136. Calculate the greatest common factor of 108 and i.
54
Let v be (10/(-12))/(4/54)*-4. Let z(u) = -u**3 + 5*u**2 + 5*u + 5. Let p be z(5). What is the greatest common factor of v and p?
15
Let r(j) = 108*j**3 + j**2 - j. Let w be r(1). Suppose -9*o = -4*o - x - 138, -x = o - 24. What is the greatest common divisor of w and o?
27
Suppose m = j - 43, -5*m - 21 - 164 = 5*j. Let q be m/16*(-2 + 0). Suppose 4*k + 152 = q*k. Calculate the highest common divisor of 19 and k.
19
Let m be 6/(-9) - (-2706)/198. Let b be (2 - 0)/(5/20). Let l be (-2)/(-8) - (-518)/b. Calculate the highest common factor of m and l.
13
Let p = 347 + 18. Calculate the highest common divisor of p and 5.
5
Suppose -5*r - 8*b = -13*b - 615, 0 = -2*r + 4*b + 244. What is the greatest common factor of 124 and r?
124
Let z be ((-3)/(-4))/(((-5)/(-100))/1). Suppose 0 = 5*t + z, x + 2*t - t - 12 = 0. Calculate the greatest common factor of 5 and x.
5
Let f be 2 + -3 + -19 + 2. Let j be (225/f)/(1/(-6)). What is the greatest common factor of j and 30?
15
Suppose s - 19 + 7 = 0. Let o be s + (-2 + 2)/3. Suppose 0*z = 3*z - 18. What is the greatest common divisor of z and o?
6
Let n(d) = d. Let r be n(5). Suppose -f - 5*s = 2, -3 + 40 = -5*f + 2*s. Let x = f + 12. What is the greatest common factor of r and x?
5
Suppose -d = 3*d - 20, -3*i = -4*d - 178. What is the greatest common factor of i and 44?
22
Suppose -108 - 72 = -3*h. Suppose 5*w + 0*w - 170 = -5*k, -2*k = 4*w - 70. Let p be 385/k + (-1)/(-3). Calculate the greatest common factor of h and p.
12
Let v(n) = n**3 + 8*n**2 + 4*n - 9. Let g = 14 + -8. Let h be (3 + -6)/3 - g. Let z be v(h). What is the greatest common factor of 48 and z?
12
Let o = -19 + 60. Calculate the greatest common factor of 328 and o.
41
Let z be (23/46)/((-2)/(-4)). What is the greatest common factor of z and 43?
1
Let z = -229 - -80. Suppose 2*j - 2*d - 423 = -d, -3*j + 3*d + 633 = 0. Let x = j + z. What is the greatest common divisor of 9 and x?
9
Suppose 0 = -4*x - 16, -7*x = l - 3*x. Calculate the highest common divisor of 100 and l.
4
Suppose 0 = 62*n - 19202 + 2710. What is the highest common factor of n and 152?
38
Let d be (-79025)/(-218) - (-2)/4. Calculate the highest common factor of d and 33.
33
Suppose -6*w + 45 = -39. Calculate the greatest common factor of w and 1358.
14
Let h = -168 + 171. What is the highest common factor of h and 16?
1
Suppose -53*x = -350 - 604. What is the highest common